{"id":10367,"date":"2021-09-15T15:21:28","date_gmt":"2021-09-15T15:21:28","guid":{"rendered":"https:\/\/landingtours.com.mx\/activities\/?page_id=10367"},"modified":"2021-09-15T15:21:28","modified_gmt":"2021-09-15T15:21:28","slug":"politicas-de-reservacion-y-cancelacion","status":"publish","type":"page","link":"https:\/\/landingtours.com.mx\/activities\/politicas-de-reservacion-y-cancelacion\/","title":{"rendered":"Pol\u00edticas de Reservaci\u00f3n y Cancelaci\u00f3n"},"content":{"rendered":"<div class=\"wpb-content-wrapper\"><p>[vc_row][vc_column][vc_empty_space height=\u00bb60px\u00bb][\/vc_column][\/vc_row][vc_row][vc_column][vc_column_text]<\/p>\n<h1 class=\"page-title\"><span style=\"font-size: 18pt;\">Pol\u00edticas de Reservaci\u00f3n y Cancelaci\u00f3n<\/span><\/h1>\n<div class=\"row mb20\">\n<div class=\"col-sm-9\">\n<div class=\"post-10270 page type-page status-publish has-post-thumbnail hentry\">\n<div class=\"entry-content\">\n<p>Los tours y viajes que maneja Landing Tours requieren reservaci\u00f3n.<\/p>\n<p>Para asegurar que cada uno de nuestros clientes tenga la oportunidad de experimentar y admirar la naturaleza, la cultura, y desarrollar el entusiasmo del descubrimiento personal que nuestros viajes y tours ofrecen, limitamos el n\u00famero de clientes en cada una de nuestros Tours y Viajes \u2013 por eso, \u00a1haga sus reservaciones hoy! \u00a1Nuestro sistema de reservaciones con tarjeta de cr\u00e9dito lo hace f\u00e1cil!<\/p>\n<p><strong>Cancelaciones y cambios<\/strong><\/p>\n<p>Una vez que reciba una confirmaci\u00f3n, su reservaci\u00f3n est\u00e1 garantizada. Para poder mantener nuestro compromiso con todos nuestros clientes, Landing tours opera una estricta pol\u00edtica de cancelaci\u00f3n:<\/p>\n<p><strong>Para Viajes y Paquetes:<\/strong><\/p>\n<p>Cancelaciones con 21 d\u00edas o m\u00e1s de anticipaci\u00f3n a la fecha de salida tendr\u00e1n un cargo del 15% del valor del paquete.<\/p>\n<p>Cancelaciones con 20 a 15 d\u00edas de anticipaci\u00f3n a la fecha de salida tendr\u00e1n un cargo del 50% del valor del paquete.<\/p>\n<p>Cancelaciones con 14 a 0 d\u00edas de anticipaci\u00f3n a la fecha de salida tendr\u00e1n un cargo del 100% del valor del paquete.<\/p>\n<p><strong>Para Tours y Actividades:<\/strong><\/p>\n<p>Reservaciones Individuales Con m\u00e1s de 48 horas previo a la fecha del tour o viaje 100% devoluci\u00f3n<\/p>\n<p>24 horas previo a la fecha del tour \u2013 aceptamos cambio de d\u00eda, pero no habr\u00e1 devoluci\u00f3n<\/p>\n<p>Si no se presenta o llega tarde \u2013 no habr\u00e1 devoluci\u00f3n.<\/p>\n<p><strong>Para Vuelos<\/strong><\/p>\n<p>Tarifa B\u00e1sica Econ\u00f3mica no tendr\u00e1 Reembolsos, cancelaciones ni cambios de fecha y\/o vuelo.<\/p>\n<p><strong>Reservaciones de Grupos<\/strong><\/p>\n<p>Con m\u00e1s de 21 d\u00edas o m\u00e1s previo a la fecha del tour o viaje 100% devoluci\u00f3n<\/p>\n<p>Menos de 14 a 0 d\u00edas previo a la fecha de reserva aceptaremos cambios de d\u00eda, pero no habr\u00e1 devoluci\u00f3n<\/p>\n<p>Si no se presenta o llega tarde no habr\u00e1 devoluci\u00f3n<\/p>\n<p>Cambios en las reservaciones o cancelaciones pueden ser solicitadas v\u00eda correo electr\u00f3nico o llamando al (322) 6881640 o (322)2112950Todos los cambios estar\u00e1n sujetos a disponibilidad.<\/p>\n<p><strong>PROMOCIONES 3X2, 2X1 , DESCUENTOS<\/strong><\/p>\n<p>No aplican cambios ni cancelaciones<\/p>\n<p>No presentarse o llegar tarde No hay reembolso.<\/p>\n<p><strong>Cargos a Su Tarjeta<\/strong><\/p>\n<p>Se har\u00e1 un cargo a su tarjeta de cr\u00e9dito en cuanto su reservaci\u00f3n est\u00e9 confirmada, normalmente este proceso se completa despu\u00e9s de las 24 horas del env\u00edo de su reservaci\u00f3n.<\/p>\n<p>Si la fecha que usted seleccion\u00f3 no se encuentra disponible, Landing Tours le ofrecer\u00e1 fechas u horas alternativas y s\u00f3lo har\u00e1 cargos a su tarjeta si usted confirma estar de acuerdo con las opciones ofrecidas.<\/p>\n<p><strong>Precios y Tipo de Cambio<\/strong><\/p>\n<p>Los precios son en d\u00f3lares, pero los cargos a las tarjetas son en Pesos Mexicanos. Utilizamos el tipo de cambio del d\u00eda proporcionado por el banco, por lo que el estado de cuenta de su tarjeta le indicar\u00e1 el tipo de cambio bancario.<\/p>\n<p><strong>Cargo a su Tarjeta de Cr\u00e9dito Seguro\u00a0<\/strong><\/p>\n<p>Landing Tours desea que usted se sienta lo m\u00e1s seguro posible cuando realice una compra online. Por esta raz\u00f3n utilizamos tecnolog\u00eda SSL (Secure Socket Layer) resguardando la informaci\u00f3n de su tarjeta cuando realiza la reservaci\u00f3n de los tours o viajes. Este proceso de resguardo evita que otras personas tengan acceso a la informaci\u00f3n transmitida por internet. Una vez recibida, la informaci\u00f3n de su tarjeta no es transmitida nuevamente por la red. \u00c9l d\u00eda de su tour o viaje, usted debe traer su tarjeta de cr\u00e9dito y alg\u00fan tipo de identificaci\u00f3n oficial para el check in.<\/p>\n<p>Alternativamente, una copia por ambos lados de su tarjeta de cr\u00e9dito e identificaci\u00f3n puede ser enviada por correo (ventas@landingtours.com.mx) o WhatsApp al (322 211-29-50) previo a su llegada. Si usted no desea enviar la informaci\u00f3n v\u00eda internet, puede completar la forma e imprimirla y entregarla personalmente. Si usted prefiere hablar con alguien, por favor comun\u00edquese con nosotros al (52) (322) 211-2950. Cualquiera que sea el m\u00e9todo que usted elija, nuestros especialistas le responder\u00e1n en menos de 48 horas. \u00a1Gracias por elegir Landing tours! Si tiene consultas con respecto a estas pol\u00edticas, contacte a: info@landingtours.com.mx<\/p>\n<\/div>\n<\/div>\n<\/div>\n<\/div>\n<p>[\/vc_column_text][\/vc_column][\/vc_row]<\/p>\n<\/div>","protected":false},"excerpt":{"rendered":"<p>[vc_row][vc_column][vc_empty_space height=\u00bb60px\u00bb][\/vc_column][\/vc_row][vc_row][vc_column][vc_column_text] Pol\u00edticas de Reservaci\u00f3n y Cancelaci\u00f3n Los tours y viajes que maneja Landing Tours requieren reservaci\u00f3n. Para asegurar que cada uno de nuestros clientes tenga la oportunidad de experimentar y admirar la naturaleza, la cultura, y desarrollar el entusiasmo del descubrimiento personal que nuestros viajes y tours ofrecen, limitamos el n\u00famero de clientes en [&hellip;]<\/p>\n","protected":false},"author":1,"featured_media":10368,"parent":0,"menu_order":0,"comment_status":"closed","ping_status":"closed","template":"template-home-modern.php","meta":{"footnotes":""},"class_list":["post-10367","page","type-page","status-publish","has-post-thumbnail","hentry"],"yoast_head":"<!-- This site is optimized with the Yoast SEO Premium plugin v22.8 (Yoast SEO v27.4) - https:\/\/yoast.com\/product\/yoast-seo-premium-wordpress\/ -->\n<title>Pol\u00edticas de Reservaci\u00f3n y Cancelaci\u00f3n - Landing Tours<\/title>\n<meta name=\"robots\" content=\"index, follow, max-snippet:-1, max-image-preview:large, max-video-preview:-1\" \/>\n<link rel=\"canonical\" href=\"https:\/\/landingtours.com.mx\/activities\/politicas-de-reservacion-y-cancelacion\/\" \/>\n<meta property=\"og:locale\" content=\"es_ES\" \/>\n<meta property=\"og:type\" content=\"article\" \/>\n<meta property=\"og:title\" content=\"Pol\u00edticas de Reservaci\u00f3n y Cancelaci\u00f3n\" \/>\n<meta property=\"og:description\" content=\"[vc_row][vc_column][vc_empty_space height=\u00bb60px\u00bb][\/vc_column][\/vc_row][vc_row][vc_column][vc_column_text] Pol\u00edticas de Reservaci\u00f3n y Cancelaci\u00f3n Los tours y viajes que maneja Landing Tours requieren reservaci\u00f3n. Para asegurar que cada uno de nuestros clientes tenga la oportunidad de experimentar y admirar la naturaleza, la cultura, y desarrollar el entusiasmo del descubrimiento personal que nuestros viajes y tours ofrecen, limitamos el n\u00famero de clientes en [&hellip;]\" \/>\n<meta property=\"og:url\" content=\"https:\/\/landingtours.com.mx\/activities\/politicas-de-reservacion-y-cancelacion\/\" \/>\n<meta property=\"og:site_name\" content=\"Landing Tours\" \/>\n<meta property=\"article:publisher\" content=\"https:\/\/facebook.com\/landingtoursmx\" \/>\n<meta property=\"og:image\" content=\"https:\/\/landingtours.com.mx\/activities\/wp-content\/uploads\/2021\/09\/Politicas-de-cancelacion-landing-tours.jpg\" \/>\n\t<meta property=\"og:image:width\" content=\"1360\" \/>\n\t<meta property=\"og:image:height\" content=\"768\" \/>\n\t<meta property=\"og:image:type\" content=\"image\/jpeg\" \/>\n<meta name=\"twitter:card\" content=\"summary_large_image\" \/>\n<meta name=\"twitter:site\" content=\"@landingtoursmx\" \/>\n<meta name=\"twitter:label1\" content=\"Tiempo de lectura\" \/>\n\t<meta name=\"twitter:data1\" content=\"4 minutos\" \/>\n<script type=\"application\/ld+json\" class=\"yoast-schema-graph\">{\"@context\":\"https:\\\/\\\/schema.org\",\"@graph\":[{\"@type\":\"WebPage\",\"@id\":\"https:\\\/\\\/landingtours.com.mx\\\/activities\\\/politicas-de-reservacion-y-cancelacion\\\/\",\"url\":\"https:\\\/\\\/landingtours.com.mx\\\/activities\\\/politicas-de-reservacion-y-cancelacion\\\/\",\"name\":\"Pol\u00edticas de Reservaci\u00f3n y Cancelaci\u00f3n - Landing Tours\",\"isPartOf\":{\"@id\":\"https:\\\/\\\/landingtours.com.mx\\\/activities\\\/#website\"},\"primaryImageOfPage\":{\"@id\":\"https:\\\/\\\/landingtours.com.mx\\\/activities\\\/politicas-de-reservacion-y-cancelacion\\\/#primaryimage\"},\"image\":{\"@id\":\"https:\\\/\\\/landingtours.com.mx\\\/activities\\\/politicas-de-reservacion-y-cancelacion\\\/#primaryimage\"},\"thumbnailUrl\":\"https:\\\/\\\/landingtours.com.mx\\\/activities\\\/wp-content\\\/uploads\\\/2021\\\/09\\\/Politicas-de-cancelacion-landing-tours.jpg\",\"datePublished\":\"2021-09-15T15:21:28+00:00\",\"breadcrumb\":{\"@id\":\"https:\\\/\\\/landingtours.com.mx\\\/activities\\\/politicas-de-reservacion-y-cancelacion\\\/#breadcrumb\"},\"inLanguage\":\"es\",\"potentialAction\":[{\"@type\":\"ReadAction\",\"target\":[\"https:\\\/\\\/landingtours.com.mx\\\/activities\\\/politicas-de-reservacion-y-cancelacion\\\/\"]}]},{\"@type\":\"ImageObject\",\"inLanguage\":\"es\",\"@id\":\"https:\\\/\\\/landingtours.com.mx\\\/activities\\\/politicas-de-reservacion-y-cancelacion\\\/#primaryimage\",\"url\":\"https:\\\/\\\/landingtours.com.mx\\\/activities\\\/wp-content\\\/uploads\\\/2021\\\/09\\\/Politicas-de-cancelacion-landing-tours.jpg\",\"contentUrl\":\"https:\\\/\\\/landingtours.com.mx\\\/activities\\\/wp-content\\\/uploads\\\/2021\\\/09\\\/Politicas-de-cancelacion-landing-tours.jpg\",\"width\":1360,\"height\":768},{\"@type\":\"BreadcrumbList\",\"@id\":\"https:\\\/\\\/landingtours.com.mx\\\/activities\\\/politicas-de-reservacion-y-cancelacion\\\/#breadcrumb\",\"itemListElement\":[{\"@type\":\"ListItem\",\"position\":1,\"name\":\"Portada\",\"item\":\"https:\\\/\\\/landingtours.com.mx\\\/activities\\\/\"},{\"@type\":\"ListItem\",\"position\":2,\"name\":\"Pol\u00edticas de Reservaci\u00f3n y Cancelaci\u00f3n\"}]},{\"@type\":\"WebSite\",\"@id\":\"https:\\\/\\\/landingtours.com.mx\\\/activities\\\/#website\",\"url\":\"https:\\\/\\\/landingtours.com.mx\\\/activities\\\/\",\"name\":\"Landing Tours\",\"description\":\"Agencia de Viajes\",\"publisher\":{\"@id\":\"https:\\\/\\\/landingtours.com.mx\\\/activities\\\/#organization\"},\"potentialAction\":[{\"@type\":\"SearchAction\",\"target\":{\"@type\":\"EntryPoint\",\"urlTemplate\":\"https:\\\/\\\/landingtours.com.mx\\\/activities\\\/?s={search_term_string}\"},\"query-input\":{\"@type\":\"PropertyValueSpecification\",\"valueRequired\":true,\"valueName\":\"search_term_string\"}}],\"inLanguage\":\"es\"},{\"@type\":\"Organization\",\"@id\":\"https:\\\/\\\/landingtours.com.mx\\\/activities\\\/#organization\",\"name\":\"Landing Tours\",\"url\":\"https:\\\/\\\/landingtours.com.mx\\\/activities\\\/\",\"logo\":{\"@type\":\"ImageObject\",\"inLanguage\":\"es\",\"@id\":\"https:\\\/\\\/landingtours.com.mx\\\/activities\\\/#\\\/schema\\\/logo\\\/image\\\/\",\"url\":\"https:\\\/\\\/landingtours.com.mx\\\/activities\\\/wp-content\\\/uploads\\\/2018\\\/12\\\/gf-3.png\",\"contentUrl\":\"https:\\\/\\\/landingtours.com.mx\\\/activities\\\/wp-content\\\/uploads\\\/2018\\\/12\\\/gf-3.png\",\"width\":388,\"height\":358,\"caption\":\"Landing Tours\"},\"image\":{\"@id\":\"https:\\\/\\\/landingtours.com.mx\\\/activities\\\/#\\\/schema\\\/logo\\\/image\\\/\"},\"sameAs\":[\"https:\\\/\\\/facebook.com\\\/landingtoursmx\",\"https:\\\/\\\/x.com\\\/landingtoursmx\",\"https:\\\/\\\/instagram.com\\\/landingtoursmx\",\"https:\\\/\\\/pinteres.com\\\/landingtoursmx\"]}]}<\/script>\n<!-- \/ Yoast SEO Premium plugin. -->","yoast_head_json":{"title":"Pol\u00edticas de Reservaci\u00f3n y Cancelaci\u00f3n - Landing Tours","robots":{"index":"index","follow":"follow","max-snippet":"max-snippet:-1","max-image-preview":"max-image-preview:large","max-video-preview":"max-video-preview:-1"},"canonical":"https:\/\/landingtours.com.mx\/activities\/politicas-de-reservacion-y-cancelacion\/","og_locale":"es_ES","og_type":"article","og_title":"Pol\u00edticas de Reservaci\u00f3n y Cancelaci\u00f3n","og_description":"[vc_row][vc_column][vc_empty_space height=\u00bb60px\u00bb][\/vc_column][\/vc_row][vc_row][vc_column][vc_column_text] Pol\u00edticas de Reservaci\u00f3n y Cancelaci\u00f3n Los tours y viajes que maneja Landing Tours requieren reservaci\u00f3n. Para asegurar que cada uno de nuestros clientes tenga la oportunidad de experimentar y admirar la naturaleza, la cultura, y desarrollar el entusiasmo del descubrimiento personal que nuestros viajes y tours ofrecen, limitamos el n\u00famero de clientes en [&hellip;]","og_url":"https:\/\/landingtours.com.mx\/activities\/politicas-de-reservacion-y-cancelacion\/","og_site_name":"Landing Tours","article_publisher":"https:\/\/facebook.com\/landingtoursmx","og_image":[{"width":1360,"height":768,"url":"https:\/\/landingtours.com.mx\/activities\/wp-content\/uploads\/2021\/09\/Politicas-de-cancelacion-landing-tours.jpg","type":"image\/jpeg"}],"twitter_card":"summary_large_image","twitter_site":"@landingtoursmx","twitter_misc":{"Tiempo de lectura":"4 minutos"},"schema":{"@context":"https:\/\/schema.org","@graph":[{"@type":"WebPage","@id":"https:\/\/landingtours.com.mx\/activities\/politicas-de-reservacion-y-cancelacion\/","url":"https:\/\/landingtours.com.mx\/activities\/politicas-de-reservacion-y-cancelacion\/","name":"Pol\u00edticas de Reservaci\u00f3n y Cancelaci\u00f3n - Landing Tours","isPartOf":{"@id":"https:\/\/landingtours.com.mx\/activities\/#website"},"primaryImageOfPage":{"@id":"https:\/\/landingtours.com.mx\/activities\/politicas-de-reservacion-y-cancelacion\/#primaryimage"},"image":{"@id":"https:\/\/landingtours.com.mx\/activities\/politicas-de-reservacion-y-cancelacion\/#primaryimage"},"thumbnailUrl":"https:\/\/landingtours.com.mx\/activities\/wp-content\/uploads\/2021\/09\/Politicas-de-cancelacion-landing-tours.jpg","datePublished":"2021-09-15T15:21:28+00:00","breadcrumb":{"@id":"https:\/\/landingtours.com.mx\/activities\/politicas-de-reservacion-y-cancelacion\/#breadcrumb"},"inLanguage":"es","potentialAction":[{"@type":"ReadAction","target":["https:\/\/landingtours.com.mx\/activities\/politicas-de-reservacion-y-cancelacion\/"]}]},{"@type":"ImageObject","inLanguage":"es","@id":"https:\/\/landingtours.com.mx\/activities\/politicas-de-reservacion-y-cancelacion\/#primaryimage","url":"https:\/\/landingtours.com.mx\/activities\/wp-content\/uploads\/2021\/09\/Politicas-de-cancelacion-landing-tours.jpg","contentUrl":"https:\/\/landingtours.com.mx\/activities\/wp-content\/uploads\/2021\/09\/Politicas-de-cancelacion-landing-tours.jpg","width":1360,"height":768},{"@type":"BreadcrumbList","@id":"https:\/\/landingtours.com.mx\/activities\/politicas-de-reservacion-y-cancelacion\/#breadcrumb","itemListElement":[{"@type":"ListItem","position":1,"name":"Portada","item":"https:\/\/landingtours.com.mx\/activities\/"},{"@type":"ListItem","position":2,"name":"Pol\u00edticas de Reservaci\u00f3n y Cancelaci\u00f3n"}]},{"@type":"WebSite","@id":"https:\/\/landingtours.com.mx\/activities\/#website","url":"https:\/\/landingtours.com.mx\/activities\/","name":"Landing Tours","description":"Agencia de Viajes","publisher":{"@id":"https:\/\/landingtours.com.mx\/activities\/#organization"},"potentialAction":[{"@type":"SearchAction","target":{"@type":"EntryPoint","urlTemplate":"https:\/\/landingtours.com.mx\/activities\/?s={search_term_string}"},"query-input":{"@type":"PropertyValueSpecification","valueRequired":true,"valueName":"search_term_string"}}],"inLanguage":"es"},{"@type":"Organization","@id":"https:\/\/landingtours.com.mx\/activities\/#organization","name":"Landing Tours","url":"https:\/\/landingtours.com.mx\/activities\/","logo":{"@type":"ImageObject","inLanguage":"es","@id":"https:\/\/landingtours.com.mx\/activities\/#\/schema\/logo\/image\/","url":"https:\/\/landingtours.com.mx\/activities\/wp-content\/uploads\/2018\/12\/gf-3.png","contentUrl":"https:\/\/landingtours.com.mx\/activities\/wp-content\/uploads\/2018\/12\/gf-3.png","width":388,"height":358,"caption":"Landing Tours"},"image":{"@id":"https:\/\/landingtours.com.mx\/activities\/#\/schema\/logo\/image\/"},"sameAs":["https:\/\/facebook.com\/landingtoursmx","https:\/\/x.com\/landingtoursmx","https:\/\/instagram.com\/landingtoursmx","https:\/\/pinteres.com\/landingtoursmx"]}]}},"_links":{"self":[{"href":"https:\/\/landingtours.com.mx\/activities\/wp-json\/wp\/v2\/pages\/10367","targetHints":{"allow":["GET"]}}],"collection":[{"href":"https:\/\/landingtours.com.mx\/activities\/wp-json\/wp\/v2\/pages"}],"about":[{"href":"https:\/\/landingtours.com.mx\/activities\/wp-json\/wp\/v2\/types\/page"}],"author":[{"embeddable":true,"href":"https:\/\/landingtours.com.mx\/activities\/wp-json\/wp\/v2\/users\/1"}],"replies":[{"embeddable":true,"href":"https:\/\/landingtours.com.mx\/activities\/wp-json\/wp\/v2\/comments?post=10367"}],"version-history":[{"count":0,"href":"https:\/\/landingtours.com.mx\/activities\/wp-json\/wp\/v2\/pages\/10367\/revisions"}],"wp:featuredmedia":[{"embeddable":true,"href":"https:\/\/landingtours.com.mx\/activities\/wp-json\/wp\/v2\/media\/10368"}],"wp:attachment":[{"href":"https:\/\/landingtours.com.mx\/activities\/wp-json\/wp\/v2\/media?parent=10367"}],"curies":[{"name":"wp","href":"https:\/\/api.w.org\/{rel}","templated":true}]}}