{"id":10356,"date":"2021-09-15T03:23:07","date_gmt":"2021-09-15T03:23:07","guid":{"rendered":"https:\/\/landingtours.com.mx\/activities\/?page_id=10356"},"modified":"2024-11-20T18:44:35","modified_gmt":"2024-11-20T18:44:35","slug":"politicas-de-privacidad","status":"publish","type":"page","link":"https:\/\/landingtours.com.mx\/activities\/politicas-de-privacidad\/","title":{"rendered":"Pol\u00edticas de Privacidad"},"content":{"rendered":"<div class=\"wpb-content-wrapper\"><p>[vc_row][vc_column][vc_empty_space height=\u00bb60px\u00bb][\/vc_column][\/vc_row][vc_row][vc_column][vc_column_text css=\u00bb\u00bb]<\/p>\n<h1 class=\"page-title\"><span style=\"font-size: 24pt;\">Pol\u00edticas de Privacidad<\/span><\/h1>\n<div class=\"row mb20\">\n<div class=\"col-sm-9\">\n<div class=\"post-10348 page type-page status-publish has-post-thumbnail hentry\">\n<div class=\"entry-content\">\n<h3><strong>Que Informaci\u00f3n Personal Recolectamos y Para que?<\/strong><\/h3>\n<h3><\/h3>\n<p>El presente Pol\u00edtica de Privacidad establece los t\u00e9rminos en que Landing Tours usa y protege la informaci\u00f3n que es proporcionada por sus usuarios al momento de utilizar su sitio web y\/o algun servicio tur\u00edstico. Esta compa\u00f1\u00eda est\u00e1 comprometida con la seguridad de los datos de sus usuarios. Cuando le pedimos llenar los campos de informaci\u00f3n personal con la cual usted pueda ser identificado, lo hacemos asegurando que s\u00f3lo se emplear\u00e1 de acuerdo con los t\u00e9rminos de este documento. Sin embargo esta Pol\u00edtica de Privacidad puede cambiar con el tiempo o ser actualizada por lo que le recomendamos y enfatizamos revisar continuamente esta p\u00e1gina para asegurarse que est\u00e1 de acuerdo con dichos cambios.<\/p>\n<p>Nuestra pagina es: https:\/\/landingtours.com.mx\/activities.<\/p>\n<h3><strong>Informaci\u00f3n que es recogida<\/strong><\/h3>\n<p>Nuestro sitio web podr\u00e1 recoger informaci\u00f3n personal por ejemplo: Nombre,\u00a0 informaci\u00f3n de contacto como\u00a0 su direcci\u00f3n de correo electr\u00f3nico e informaci\u00f3n demogr\u00e1fica. As\u00ed mismo cuando sea necesario podr\u00e1 ser requerida informaci\u00f3n espec\u00edfica para procesar alg\u00fan pedido o realizar una entrega o facturaci\u00f3n.<\/p>\n<h3><strong>Uso de la informaci\u00f3n recogida<\/strong><\/h3>\n<p>Nuestro sitio web emplea la informaci\u00f3n con el fin de proporcionar el mejor servicio posible, particularmente para mantener un registro de usuarios, de pedidos en caso que aplique, y mejorar nuestros productos y servicios. \u00a0Es posible que sean enviados correos electr\u00f3nicos peri\u00f3dicamente a trav\u00e9s de nuestro sitio con ofertas especiales, nuevos productos y otra informaci\u00f3n publicitaria que consideremos relevante para usted o que pueda brindarle alg\u00fan beneficio, estos correos electr\u00f3nicos ser\u00e1n enviados a la direcci\u00f3n que usted proporcione y podr\u00e1n ser cancelados en cualquier momento.<\/p>\n<p>Landing Tours est\u00e1 altamente comprometido para cumplir con el compromiso de mantener su informaci\u00f3n segura. Usamos los sistemas m\u00e1s avanzados y los actualizamos constantemente para asegurarnos que no exista ning\u00fan acceso no autorizado.<\/p>\n<h3>Cookies<\/h3>\n<p>Una cookie se refiere a un fichero que es enviado con la finalidad de solicitar permiso para almacenarse en su ordenador, al aceptar dicho fichero se crea y la cookie sirve entonces para tener informaci\u00f3n respecto al tr\u00e1fico web, y tambi\u00e9n facilita las futuras visitas a una web recurrente. Otra funci\u00f3n que tienen las cookies es que con ellas las web pueden reconocerte individualmente y por tanto brindarte el mejor servicio personalizado de su web.<\/p>\n<p>Nuestro sitio web emplea las cookies para poder identificar las p\u00e1ginas que son visitadas y su frecuencia. Esta informaci\u00f3n es empleada \u00fanicamente para an\u00e1lisis estad\u00edstico y despu\u00e9s la informaci\u00f3n se elimina de forma permanente. Usted puede eliminar las cookies en cualquier momento desde su ordenador. Sin embargo las cookies ayudan a proporcionar un mejor servicio de los sitios web, est\u00e1s no dan acceso a informaci\u00f3n de su ordenador ni de usted, a menos de que usted as\u00ed lo quiera y la proporcione directamente, visitas una web. Usted puede aceptar o negar el uso de cookies, sin embargo la mayor\u00eda de navegadores aceptan cookies autom\u00e1ticamente pues sirve para tener un mejor servicio web. Tambi\u00e9n usted puede cambiar la configuraci\u00f3n de su ordenador para declinar las cookies. Si se declinan es posible que no pueda utilizar algunos de nuestros servicios.<\/p>\n<h3><strong>Enlaces a Terceros<\/strong><\/h3>\n<p>Este sitio web pudiera contener en laces a otros sitios que pudieran ser de su inter\u00e9s. Una vez que usted de clic en estos enlaces y abandone nuestra p\u00e1gina, ya no tenemos control sobre al sitio al que es redirigido y por lo tanto no somos responsables de los t\u00e9rminos o privacidad ni de la protecci\u00f3n de sus datos en esos otros sitios terceros. Dichos sitios est\u00e1n sujetos a sus propias pol\u00edticas de privacidad por lo cual es recomendable que los consulte para confirmar que usted est\u00e1 de acuerdo con estas.<\/p>\n<h3><strong>Control de su informaci\u00f3n personal<\/strong><\/h3>\n<p>En cualquier momento usted puede restringir la recopilaci\u00f3n o el uso de la informaci\u00f3n personal que es proporcionada a nuestro sitio web.\u00a0 Cada vez que se le solicite rellenar un formulario, como el de alta de usuario, puede marcar o desmarcar la opci\u00f3n de recibir informaci\u00f3n por correo electr\u00f3nico. \u00a0En caso de que haya marcado la opci\u00f3n de recibir nuestro bolet\u00edn o publicidad usted puede cancelarla en cualquier momento.<\/p>\n<p>Esta compa\u00f1\u00eda no vender\u00e1, ceder\u00e1 ni distribuir\u00e1 la informaci\u00f3n personal que es recopilada sin su consentimiento, salvo que sea requerido por un juez con un orden judicial.<\/p>\n<p>Landing Tours se reserva el derecho de cambiar los t\u00e9rminos de la presente Pol\u00edtica de Privacidad en cualquier momento.<\/p>\n<p>Para los usuarios que se registran en nuestro sitio web (si corresponde), tambi\u00e9n almacenamos la informaci\u00f3n personal que proporcionan en su perfil de usuario. Todos los usuarios pueden ver, editar o eliminar su informaci\u00f3n personal en cualquier momento (excepto que no pueden cambiar su nombre de usuario). Los administradores del sitio web tambi\u00e9n pueden ver y editar esa informaci\u00f3n.<\/p>\n<\/div>\n<\/div>\n<\/div>\n<\/div>\n<p>[\/vc_column_text][\/vc_column][\/vc_row]<\/p>\n<\/div>","protected":false},"excerpt":{"rendered":"<p>[vc_row][vc_column][vc_empty_space height=\u00bb60px\u00bb][\/vc_column][\/vc_row][vc_row][vc_column][vc_column_text css=\u00bb\u00bb] Pol\u00edticas de Privacidad Que Informaci\u00f3n Personal Recolectamos y Para que? El presente Pol\u00edtica de Privacidad establece los t\u00e9rminos en que Landing Tours usa y protege la informaci\u00f3n que es proporcionada por sus usuarios al momento de utilizar su sitio web y\/o algun servicio tur\u00edstico. Esta compa\u00f1\u00eda est\u00e1 comprometida con la seguridad de [&hellip;]<\/p>\n","protected":false},"author":1,"featured_media":10364,"parent":0,"menu_order":0,"comment_status":"closed","ping_status":"closed","template":"template-home-modern.php","meta":{"footnotes":""},"class_list":["post-10356","page","type-page","status-publish","has-post-thumbnail","hentry"],"yoast_head":"<!-- This site is optimized with the Yoast SEO Premium plugin v22.8 (Yoast SEO v24.6) - https:\/\/yoast.com\/wordpress\/plugins\/seo\/ -->\n<title>Pol\u00edticas de Privacidad - Landing Tours<\/title>\n<meta name=\"robots\" content=\"index, follow, max-snippet:-1, max-image-preview:large, max-video-preview:-1\" \/>\n<link rel=\"canonical\" href=\"https:\/\/landingtours.com.mx\/activities\/politicas-de-privacidad\/\" \/>\n<meta property=\"og:locale\" content=\"es_ES\" \/>\n<meta property=\"og:type\" content=\"article\" \/>\n<meta property=\"og:title\" content=\"Pol\u00edticas de Privacidad\" \/>\n<meta property=\"og:description\" content=\"[vc_row][vc_column][vc_empty_space height=\u00bb60px\u00bb][\/vc_column][\/vc_row][vc_row][vc_column][vc_column_text css=\u00bb\u00bb] Pol\u00edticas de Privacidad Que Informaci\u00f3n Personal Recolectamos y Para que? El presente Pol\u00edtica de Privacidad establece los t\u00e9rminos en que Landing Tours usa y protege la informaci\u00f3n que es proporcionada por sus usuarios al momento de utilizar su sitio web y\/o algun servicio tur\u00edstico. Esta compa\u00f1\u00eda est\u00e1 comprometida con la seguridad de [&hellip;]\" \/>\n<meta property=\"og:url\" content=\"https:\/\/landingtours.com.mx\/activities\/politicas-de-privacidad\/\" \/>\n<meta property=\"og:site_name\" content=\"Landing Tours\" \/>\n<meta property=\"article:publisher\" content=\"https:\/\/facebook.com\/landingtoursmx\" \/>\n<meta property=\"article:modified_time\" content=\"2024-11-20T18:44:35+00:00\" \/>\n<meta property=\"og:image\" content=\"https:\/\/landingtours.com.mx\/activities\/wp-content\/uploads\/2021\/09\/Expandir-imagen.jpg\" \/>\n\t<meta property=\"og:image:width\" content=\"1360\" \/>\n\t<meta property=\"og:image:height\" content=\"768\" \/>\n\t<meta property=\"og:image:type\" content=\"image\/jpeg\" \/>\n<meta name=\"twitter:card\" content=\"summary_large_image\" \/>\n<meta name=\"twitter:site\" content=\"@landingtoursmx\" \/>\n<meta name=\"twitter:label1\" content=\"Tiempo de lectura\" \/>\n\t<meta name=\"twitter:data1\" content=\"4 minutos\" \/>\n<script type=\"application\/ld+json\" class=\"yoast-schema-graph\">{\"@context\":\"https:\/\/schema.org\",\"@graph\":[{\"@type\":\"WebPage\",\"@id\":\"https:\/\/landingtours.com.mx\/activities\/politicas-de-privacidad\/\",\"url\":\"https:\/\/landingtours.com.mx\/activities\/politicas-de-privacidad\/\",\"name\":\"Pol\u00edticas de Privacidad - Landing Tours\",\"isPartOf\":{\"@id\":\"https:\/\/landingtours.com.mx\/activities\/#website\"},\"primaryImageOfPage\":{\"@id\":\"https:\/\/landingtours.com.mx\/activities\/politicas-de-privacidad\/#primaryimage\"},\"image\":{\"@id\":\"https:\/\/landingtours.com.mx\/activities\/politicas-de-privacidad\/#primaryimage\"},\"thumbnailUrl\":\"https:\/\/landingtours.com.mx\/activities\/wp-content\/uploads\/2021\/09\/Expandir-imagen.jpg\",\"datePublished\":\"2021-09-15T03:23:07+00:00\",\"dateModified\":\"2024-11-20T18:44:35+00:00\",\"breadcrumb\":{\"@id\":\"https:\/\/landingtours.com.mx\/activities\/politicas-de-privacidad\/#breadcrumb\"},\"inLanguage\":\"es\",\"potentialAction\":[{\"@type\":\"ReadAction\",\"target\":[\"https:\/\/landingtours.com.mx\/activities\/politicas-de-privacidad\/\"]}]},{\"@type\":\"ImageObject\",\"inLanguage\":\"es\",\"@id\":\"https:\/\/landingtours.com.mx\/activities\/politicas-de-privacidad\/#primaryimage\",\"url\":\"https:\/\/landingtours.com.mx\/activities\/wp-content\/uploads\/2021\/09\/Expandir-imagen.jpg\",\"contentUrl\":\"https:\/\/landingtours.com.mx\/activities\/wp-content\/uploads\/2021\/09\/Expandir-imagen.jpg\",\"width\":1360,\"height\":768},{\"@type\":\"BreadcrumbList\",\"@id\":\"https:\/\/landingtours.com.mx\/activities\/politicas-de-privacidad\/#breadcrumb\",\"itemListElement\":[{\"@type\":\"ListItem\",\"position\":1,\"name\":\"Portada\",\"item\":\"https:\/\/landingtours.com.mx\/activities\/\"},{\"@type\":\"ListItem\",\"position\":2,\"name\":\"Pol\u00edticas de Privacidad\"}]},{\"@type\":\"WebSite\",\"@id\":\"https:\/\/landingtours.com.mx\/activities\/#website\",\"url\":\"https:\/\/landingtours.com.mx\/activities\/\",\"name\":\"Landing Tours\",\"description\":\"Agencia de Viajes\",\"publisher\":{\"@id\":\"https:\/\/landingtours.com.mx\/activities\/#organization\"},\"potentialAction\":[{\"@type\":\"SearchAction\",\"target\":{\"@type\":\"EntryPoint\",\"urlTemplate\":\"https:\/\/landingtours.com.mx\/activities\/?s={search_term_string}\"},\"query-input\":{\"@type\":\"PropertyValueSpecification\",\"valueRequired\":true,\"valueName\":\"search_term_string\"}}],\"inLanguage\":\"es\"},{\"@type\":\"Organization\",\"@id\":\"https:\/\/landingtours.com.mx\/activities\/#organization\",\"name\":\"Landing Tours\",\"url\":\"https:\/\/landingtours.com.mx\/activities\/\",\"logo\":{\"@type\":\"ImageObject\",\"inLanguage\":\"es\",\"@id\":\"https:\/\/landingtours.com.mx\/activities\/#\/schema\/logo\/image\/\",\"url\":\"https:\/\/landingtours.com.mx\/activities\/wp-content\/uploads\/2018\/12\/gf-3.png\",\"contentUrl\":\"https:\/\/landingtours.com.mx\/activities\/wp-content\/uploads\/2018\/12\/gf-3.png\",\"width\":388,\"height\":358,\"caption\":\"Landing Tours\"},\"image\":{\"@id\":\"https:\/\/landingtours.com.mx\/activities\/#\/schema\/logo\/image\/\"},\"sameAs\":[\"https:\/\/facebook.com\/landingtoursmx\",\"https:\/\/x.com\/landingtoursmx\",\"https:\/\/instagram.com\/landingtoursmx\",\"https:\/\/pinteres.com\/landingtoursmx\"]}]}<\/script>\n<!-- \/ Yoast SEO Premium plugin. -->","yoast_head_json":{"title":"Pol\u00edticas de Privacidad - Landing Tours","robots":{"index":"index","follow":"follow","max-snippet":"max-snippet:-1","max-image-preview":"max-image-preview:large","max-video-preview":"max-video-preview:-1"},"canonical":"https:\/\/landingtours.com.mx\/activities\/politicas-de-privacidad\/","og_locale":"es_ES","og_type":"article","og_title":"Pol\u00edticas de Privacidad","og_description":"[vc_row][vc_column][vc_empty_space height=\u00bb60px\u00bb][\/vc_column][\/vc_row][vc_row][vc_column][vc_column_text css=\u00bb\u00bb] Pol\u00edticas de Privacidad Que Informaci\u00f3n Personal Recolectamos y Para que? El presente Pol\u00edtica de Privacidad establece los t\u00e9rminos en que Landing Tours usa y protege la informaci\u00f3n que es proporcionada por sus usuarios al momento de utilizar su sitio web y\/o algun servicio tur\u00edstico. Esta compa\u00f1\u00eda est\u00e1 comprometida con la seguridad de [&hellip;]","og_url":"https:\/\/landingtours.com.mx\/activities\/politicas-de-privacidad\/","og_site_name":"Landing Tours","article_publisher":"https:\/\/facebook.com\/landingtoursmx","article_modified_time":"2024-11-20T18:44:35+00:00","og_image":[{"width":1360,"height":768,"url":"https:\/\/landingtours.com.mx\/activities\/wp-content\/uploads\/2021\/09\/Expandir-imagen.jpg","type":"image\/jpeg"}],"twitter_card":"summary_large_image","twitter_site":"@landingtoursmx","twitter_misc":{"Tiempo de lectura":"4 minutos"},"schema":{"@context":"https:\/\/schema.org","@graph":[{"@type":"WebPage","@id":"https:\/\/landingtours.com.mx\/activities\/politicas-de-privacidad\/","url":"https:\/\/landingtours.com.mx\/activities\/politicas-de-privacidad\/","name":"Pol\u00edticas de Privacidad - Landing Tours","isPartOf":{"@id":"https:\/\/landingtours.com.mx\/activities\/#website"},"primaryImageOfPage":{"@id":"https:\/\/landingtours.com.mx\/activities\/politicas-de-privacidad\/#primaryimage"},"image":{"@id":"https:\/\/landingtours.com.mx\/activities\/politicas-de-privacidad\/#primaryimage"},"thumbnailUrl":"https:\/\/landingtours.com.mx\/activities\/wp-content\/uploads\/2021\/09\/Expandir-imagen.jpg","datePublished":"2021-09-15T03:23:07+00:00","dateModified":"2024-11-20T18:44:35+00:00","breadcrumb":{"@id":"https:\/\/landingtours.com.mx\/activities\/politicas-de-privacidad\/#breadcrumb"},"inLanguage":"es","potentialAction":[{"@type":"ReadAction","target":["https:\/\/landingtours.com.mx\/activities\/politicas-de-privacidad\/"]}]},{"@type":"ImageObject","inLanguage":"es","@id":"https:\/\/landingtours.com.mx\/activities\/politicas-de-privacidad\/#primaryimage","url":"https:\/\/landingtours.com.mx\/activities\/wp-content\/uploads\/2021\/09\/Expandir-imagen.jpg","contentUrl":"https:\/\/landingtours.com.mx\/activities\/wp-content\/uploads\/2021\/09\/Expandir-imagen.jpg","width":1360,"height":768},{"@type":"BreadcrumbList","@id":"https:\/\/landingtours.com.mx\/activities\/politicas-de-privacidad\/#breadcrumb","itemListElement":[{"@type":"ListItem","position":1,"name":"Portada","item":"https:\/\/landingtours.com.mx\/activities\/"},{"@type":"ListItem","position":2,"name":"Pol\u00edticas de Privacidad"}]},{"@type":"WebSite","@id":"https:\/\/landingtours.com.mx\/activities\/#website","url":"https:\/\/landingtours.com.mx\/activities\/","name":"Landing Tours","description":"Agencia de Viajes","publisher":{"@id":"https:\/\/landingtours.com.mx\/activities\/#organization"},"potentialAction":[{"@type":"SearchAction","target":{"@type":"EntryPoint","urlTemplate":"https:\/\/landingtours.com.mx\/activities\/?s={search_term_string}"},"query-input":{"@type":"PropertyValueSpecification","valueRequired":true,"valueName":"search_term_string"}}],"inLanguage":"es"},{"@type":"Organization","@id":"https:\/\/landingtours.com.mx\/activities\/#organization","name":"Landing Tours","url":"https:\/\/landingtours.com.mx\/activities\/","logo":{"@type":"ImageObject","inLanguage":"es","@id":"https:\/\/landingtours.com.mx\/activities\/#\/schema\/logo\/image\/","url":"https:\/\/landingtours.com.mx\/activities\/wp-content\/uploads\/2018\/12\/gf-3.png","contentUrl":"https:\/\/landingtours.com.mx\/activities\/wp-content\/uploads\/2018\/12\/gf-3.png","width":388,"height":358,"caption":"Landing Tours"},"image":{"@id":"https:\/\/landingtours.com.mx\/activities\/#\/schema\/logo\/image\/"},"sameAs":["https:\/\/facebook.com\/landingtoursmx","https:\/\/x.com\/landingtoursmx","https:\/\/instagram.com\/landingtoursmx","https:\/\/pinteres.com\/landingtoursmx"]}]}},"_links":{"self":[{"href":"https:\/\/landingtours.com.mx\/activities\/wp-json\/wp\/v2\/pages\/10356","targetHints":{"allow":["GET"]}}],"collection":[{"href":"https:\/\/landingtours.com.mx\/activities\/wp-json\/wp\/v2\/pages"}],"about":[{"href":"https:\/\/landingtours.com.mx\/activities\/wp-json\/wp\/v2\/types\/page"}],"author":[{"embeddable":true,"href":"https:\/\/landingtours.com.mx\/activities\/wp-json\/wp\/v2\/users\/1"}],"replies":[{"embeddable":true,"href":"https:\/\/landingtours.com.mx\/activities\/wp-json\/wp\/v2\/comments?post=10356"}],"version-history":[{"count":0,"href":"https:\/\/landingtours.com.mx\/activities\/wp-json\/wp\/v2\/pages\/10356\/revisions"}],"wp:featuredmedia":[{"embeddable":true,"href":"https:\/\/landingtours.com.mx\/activities\/wp-json\/wp\/v2\/media\/10364"}],"wp:attachment":[{"href":"https:\/\/landingtours.com.mx\/activities\/wp-json\/wp\/v2\/media?parent=10356"}],"curies":[{"name":"wp","href":"https:\/\/api.w.org\/{rel}","templated":true}]}}